{"id":193,"date":"2021-03-21T18:05:41","date_gmt":"2021-03-21T17:05:41","guid":{"rendered":"https:\/\/wgsr.uw.edu.pl\/kgf\/?page_id=193"},"modified":"2025-09-05T10:26:59","modified_gmt":"2025-09-05T10:26:59","slug":"pracownicy-kgf","status":"publish","type":"page","link":"https:\/\/kgf.wgsr.uw.edu.pl\/?page_id=193","title":{"rendered":"Pracownicy Katedry Geografii Fizycznej"},"content":{"rendered":"\r\n\r\n\r\n\r\n\r\n<h2 class=\"wp-block-heading\"><strong>D<\/strong><\/h2>\r\n\r\n\r\n\r\n<p>dr hab.\u00a0<strong>Maciej D\u0105bski<\/strong>, prof. ucz.<br \/><a href=\"\/?page_id=87\" data-type=\"page\" data-id=\"87\">Zak\u0142ad Geomorfologii<\/a><br \/>Nr pokoju: 307<br \/>Tel.\u00a0 (22) 5521514<br \/><a href=\"mailto:mfdbski@uw.edu.pl\">wy\u015blij e-mail<\/a><br \/><a href=\"\/?page_id=218\" data-type=\"page\" data-id=\"218\">Strona internetowa<\/a><\/p>\r\n\r\n\r\n\r\n<p>dr hab.\u00a0<strong>Maciej D\u0142u\u017cewski<\/strong>, prof. ucz.<br \/><a href=\"\/?page_id=87\" data-type=\"page\" data-id=\"87\">Zak\u0142ad Geomorfologii<\/a><br \/>Nr pokoju:\u00a0 208<br \/>Tel.\u00a0 (22) 5520653<br \/><a href=\"mailto:dluzewski@uw.edu.pl\">wy\u015blij e-mail<\/a><br \/><a href=\"\/?page_id=1155\">Strona internetowa<\/a><\/p>\r\n<h2><strong>F<\/strong><\/h2>\r\n<p>mgr <strong>Mich\u0142 Fedorczyk<\/strong><br \/><a href=\"https:\/\/kgf.wgsr.uw.edu.pl\/?page_id=89\">Zak\u0142ad Hydrologii<\/a><br \/>nr pokoju: 125<br \/>tel. 22 55 20635<br \/><a href=\"mailto:m.fedorczyk3@uw.edu.pl\">wy\u015blij e-mail<\/a><\/p>\r\n\r\n\r\n\r\n<h2 class=\"wp-block-heading\"><strong>G<\/strong><\/h2>\r\n\r\n\r\n\r\n<p>dr\u00a0<strong>Alina Gerl\u00e9e<\/strong><br \/><a href=\"\/?page_id=85\" data-type=\"page\" data-id=\"85\">Zak\u0142ad Geoekologii<\/a><br \/>Nr pokoju: 213<br \/>Tel.\u00a0 (22) 5520673<br \/><a href=\"mailto:a.gerlee@uw.edu.pl\">wy\u015blij e-mail<\/a><br \/><a href=\"\/?page_id=1187\">Strona internetowa<\/a><\/p>\r\n\r\n\r\n\r\n<p>dr\u00a0<strong>Dorota Giriat<\/strong><br \/><a href=\"\/?page_id=87\">Zak\u0142ad Geomorfologii<\/a><br \/>Nr pokoju :\u00a0 208<br \/>Tel.\u00a0 (22) 5520653<br \/><a href=\"mailto:dagiriat@uw.edu.pl\">wy\u015blij e-mail<\/a><br \/><a href=\"\/?page_id=1158\">Strona internetowa<\/a><\/p>\r\n\r\n\r\n\r\n\r\n\r\n<h2 class=\"wp-block-heading\"><strong>H<\/strong><\/h2>\r\n\r\n\r\n\r\n<p>dr hab.<strong>\u00a0Andrzej Harasimiuk<\/strong><br \/><a href=\"\/?page_id=85\">Zak\u0142ad Geoekologii<\/a><br \/><a href=\"\/?page_id=93\">Laboratorium Analiz \u015arodowiskowych<\/a><br \/>Nr pokoju: 213<br \/>Tel.\u00a0(22) 5520673<br \/><a href=\"mailto:A.Harasimiuk@uw.edu.pl\">wy\u015blij e-mail<\/a><br \/><a href=\"\/?page_id=1255\">Strona internetowa<\/a><\/p>\r\n<h2><strong>J<\/strong><\/h2>\r\n<p>dr<a href=\"https:\/\/usosweb.uw.edu.pl\/kontroler.php?_action=katalog2\/osoby\/pokazOsobe&amp;os_id=98848\">\u00a0<\/a><b>Krzysztof Jarzyna<\/b><a href=\"mailto:ajarocinska@uw.edu.pl\"><br \/><\/a><a href=\"\/?page_id=91\">Zak\u0142ad Klimatologii<\/a><a href=\"mailto:ajarocinska@uw.edu.pl\"><br \/><\/a>Nr pokoju:\u00a0 219<a href=\"mailto:ajarocinska@uw.edu.pl\"><br \/><\/a>Tel.\u00a0 (22) 5521503<a href=\"mailto:ajarocinska@uw.edu.pl\"><br \/><\/a><a href=\"mailto:k.jarzyna3@uw.edu.pl\">wy\u015blij e-mail<\/a><\/p>\r\n\r\n\r\n\r\n<h2 class=\"wp-block-heading\"><strong>K<\/strong><\/h2>\r\n\r\n\r\n\r\n<p>dr\u00a0<strong>Maria Korotaj-Kokoszczy\u0144ska<\/strong><br \/><a href=\"\/?page_id=87\">Zak\u0142ad Geomorfologii<\/a><br \/>Nr pokoju : 12<br \/>Tel.\u00a0 (22) 5520653<br \/><a href=\"mailto:majkor@uw.edu.pl\">wy\u015blij e-mail<\/a><br \/><a href=\"\/?page_id=1163\">Strona internetowa<\/a><\/p>\r\n\r\n\r\n\r\n\r\n\r\n<h2 class=\"wp-block-heading\"><strong>L<\/strong><\/h2>\r\n\r\n\r\n\r\n<p>dr\u00a0<strong>Maciej Lenartowicz<\/strong><br \/><a href=\"https:\/\/kgf.wgsr.uw.edu.pl\/?page_id=89\">Zak\u0142ad Hydrologii<\/a><br \/>Nr pokoju: 125<br \/>Tel. (22) 5520635<br \/><a href=\"mailto:mlenarto@uw.edu.pl\">wy\u015blij e-mail<\/a><\/p>\r\n<p>mgr <strong>Tomasz Lewicki<\/strong><br \/><a href=\"https:\/\/kgf.wgsr.uw.edu.pl\/?page_id=89\">Zak\u0142ad Hydrologii<\/a><br \/>nr pokoju: 125<br \/>tel. 22 55 20635<br \/><a href=\"mailto:t.lewicki2@uw.edu.pl\">wy\u015blij e-mail<\/a><\/p>\r\n\r\n\r\n\r\n\r\n\r\n<p>dr\u00a0<strong>Kamil Leziak<\/strong><br \/><a href=\"\/?page_id=91\">Zak\u0142ad Klimatologii<\/a><br \/>Nr pokoju : 218<br \/>Tel. (22) 5520645<br \/><a href=\"mailto:k.leziak@uw.edu.pl\">wy\u015blij e-mail<br \/><\/a><br \/>dr\u00a0<strong>Monika Lisowska<\/strong><br \/><a href=\"\/?page_id=91\">Zak\u0142ad Klimatologii<\/a><br \/>Nr pokoju : 219<br \/>Tel. (22) 5521503<br \/><a href=\"mailto:mlisowska@uw.edu.pl\">wy\u015blij e-mail<\/a><\/p>\r\n\r\n\r\n\r\n<h2 class=\"wp-block-heading\"><strong>\u0141<\/strong><\/h2>\r\n\r\n\r\n\r\n<p>dr\u00a0<strong>Maksym \u0141aszewski<\/strong><br \/><a href=\"https:\/\/kgf.wgsr.uw.edu.pl\/?page_id=89\">Zak\u0142ad Hydrologii<\/a><br \/>Nr pokoju:\u00a0125<br \/>Tel. (22) 5520635<br \/><a href=\"mailto:m.laszewski@uw.edu.pl\">wy\u015blij e-mail<\/a><\/p>\r\n\r\n\r\n\r\n<h2 class=\"wp-block-heading\"><strong>M<\/strong><\/h2>\r\n\r\n\r\n\r\n<p>dr hab.\u00a0<strong>Artur Magnuszewski<\/strong>, prof. ucz.<br \/><a href=\"https:\/\/kgf.wgsr.uw.edu.pl\/?page_id=89\">Zak\u0142ad Hydrologii<\/a><br \/>Nr pokoju :\u00a0 124<br \/>Tel. \u00a0 (22) 5520665<br \/><a href=\"mailto:asmagnus@uw.edu.pl\">wy\u015blij e-mail<\/a><\/p>\r\n\r\n\r\n\r\n<p>dr\u00a0<strong>Ewa Malinowska<\/strong><br \/><a href=\"\/?page_id=85\">Zak\u0142ad Geoekologii<\/a><br \/>Nr pokoju: 304<br \/>Tel. (22) 5520755<br \/><a href=\"mailto:emal@uw.edu.pl\">wy\u015blij e-mail<\/a><br \/><a href=\"\/?page_id=1257\">Strona internetowa<\/a><\/p>\r\n\r\n\r\n\r\n<p>prof. dr hab.\u00a0<strong>Jan Matuszkiewicz<\/strong><br \/><a href=\"\/?page_id=85\">Zak\u0142ad Geoekologii<\/a><br \/>Nr pokoju:\u00a0 305<br \/>Tel.\u00a0 (22) 5520668<br \/><a href=\"mailto:jm.matuszkiewi@uw.edu.pl\">wy\u015blij e-mail<\/a><\/p>\r\n\r\n\r\n\r\n<h2 class=\"wp-block-heading\"><strong>N<\/strong><\/h2>\r\n\r\n\r\n\r\n<p><strong>Marta Narloch<\/strong><br \/><a href=\"\/?page_id=93\">Laboratorium Analiz \u015arodowiskowych<\/a><br \/><a href=\"\/?page_id=85\">Zak\u0142ad Geoekologii<\/a><br \/>Nr pokoju: 034<br \/>Tel.\u00a0(22) 5520622<br \/><a href=\"mailto:ma.narloch@uw.edu.pl\">wy\u015blij e-mail<\/a><\/p>\r\n<p>dr\u00a0<strong>Barbara Nowicka<\/strong><br \/><a href=\"https:\/\/kgf.wgsr.uw.edu.pl\/?page_id=89\">Zak\u0142ad Hydrologii<\/a><br \/>Nr pokoju:\u00a0 123<br \/>Tel.\u00a0(22) 5520635<br \/><a href=\"mailto:benowick@uw.edu.pl\">wy\u015blij e-mail<\/a><\/p>\r\n\r\n\r\n\r\n<h2 class=\"wp-block-heading\"><strong>P<\/strong><\/h2>\r\n\r\n\r\n\r\n<p>dr\u00a0<strong>Joanna Pop\u0142awska<\/strong><br \/><a href=\"\/?page_id=91\">Zak\u0142ad Klimatologii<\/a><br \/>Nr pokoju:\u00a0 219<br \/>Tel.\u00a0 (22) 5521503<br \/><a href=\"mailto:joanna.poplawska@uw.edu.pl\">wy\u015blij e-mail<\/a><\/p>\r\n\r\n\r\n\r\n<h2 class=\"wp-block-heading\"><strong>R<\/strong><\/h2>\r\n\r\n\r\n\r\n\r\n\r\n<p>dr hab.\u00a0<strong>El\u017cbieta Rojan<\/strong><br \/><a href=\"\/?page_id=87\">Zak\u0142ad Geomorfologii<\/a><br \/>Nr pokoju: 208<br \/>Tel.\u00a0 (22) 5520653<br \/><a href=\"mailto:erojan@uw.edu.pl\">wy\u015blij e-mail<\/a><br \/><a href=\"\/?page_id=1165\">Strona internetowa<\/a><\/p>\r\n\r\n\r\n\r\n<h2 class=\"wp-block-heading\"><strong>S<\/strong><\/h2>\r\n\r\n\r\n\r\n<p>dr hab.\u00a0<strong>Ewa Smolska<\/strong>, prof. ucz.<br \/><a href=\"\/?page_id=85\">Zak\u0142ad Geomorfologii<\/a><br \/>Nr pokoju: 222<br \/>Tel.\u00a0 (22) 5520788<br \/><a href=\"mailto:e.smolska@uw.edu.pl\">wy\u015blij e-mail<\/a><br \/><a href=\"\/?page_id=1151\">Strona internetowa<\/a><\/p>\r\n\r\n\r\n\r\n<p>dr hab.\u00a0<strong>Urszula Somorowska<\/strong>, prof. ucz.<br \/><a href=\"https:\/\/kgf.wgsr.uw.edu.pl\/?page_id=89\">Zak\u0142ad Hydrologii<\/a><br \/>Nr pokoju: 124<br \/>Tel.\u00a0 (22) 5520665<br \/><a href=\"mailto:usomorow@uw.edu.pl\">wy\u015blij e-mail<\/a><\/p>\r\n\r\n\r\n\r\n\r\n\r\n<p>dr\u00a0<strong>Jaros\u0142aw Sucho\u017cebrski<\/strong><br \/><a href=\"https:\/\/kgf.wgsr.uw.edu.pl\/?page_id=89\">Zak\u0142ad Hydrologii<\/a><br \/>Nr pokoju: 123<br \/>Tel.\u00a0 (22) 5521515<br \/><a href=\"mailto:jsuch@uw.edu.pl\">wy\u015blij e-mail<\/a><br \/><a href=\"https:\/\/kgf.wgsr.uw.edu.pl\/?page_id=964\">Strona internetowa<\/a><\/p>\r\n\r\n\r\n\r\n\r\n\r\n<p>dr\u00a0\u00a0<strong>Iwona Szumacher<\/strong><br \/><a href=\"\/?page_id=85\">Zak\u0142ad Geoekologii<\/a><br \/>Nr pokoju:\u00a0304<br \/>Tel.\u00a0 (22) 5520755<br \/><a href=\"mailto:szumi@uw.edu.pl\">wy\u015blij e-mail<\/a><br \/><a href=\"\/?page_id=1214\">Strona internetowa<\/a><\/p>\r\n\r\n\r\n\r\n<p>dr\u00a0 hab.\u00a0<strong>Piotr Szwarczewski<\/strong><br \/><a href=\"\/?page_id=87\">Zak\u0142ad Geomorfologii<\/a><br \/><a href=\"\/?page_id=93\">Laboratorium Analiz \u015arodowiskowych<\/a><br \/>Nr pokoju:<br \/>Tel.\u00a0(22) 5520666<br \/><a href=\"mailto:pfszwarc@uw.edu.pl\">wy\u015blij e-mail<\/a><\/p>\r\n\r\n\r\n\r\n<h2 class=\"wp-block-heading\"><strong>T<\/strong><\/h2>\r\n\r\n\r\n\r\n<p>dr hab.\u00a0<strong>Irena Tsermegas<\/strong><br \/><a href=\"\/?page_id=87\">Zak\u0142ad Geomorfologii<\/a><br \/>Nr pokoju: 208<br \/>Tel.\u00a0 (22) 5520653<br \/><a href=\"mailto:argiro@uw.edu.pl\">wy\u015blij e-mail<\/a><br \/><a href=\"\/?page_id=1168\">Strona internetowa<\/a><\/p>\r\n\r\n\r\n\r\n<h2 class=\"wp-block-heading\"><strong>W<\/strong><\/h2>\r\n\r\n\r\n\r\n<p>dr\u00a0<strong>Dariusz Woronko<\/strong><br \/><a href=\"https:\/\/kgf.wgsr.uw.edu.pl\/?page_id=89\">Zak\u0142ad Hydrologii<\/a><br \/>Nr pokoju: 125<br \/>Tel.\u00a0 (22) 5520635<br \/><a href=\"mailto:dworonko@uw.edu.pl\">wy\u015blij e-mail<\/a><\/p>\r\n\r\n\r\n\r\n<h2 class=\"wp-block-heading\"><strong>Z<\/strong><\/h2>\r\n\r\n\r\n\r\n<p>dr\u00a0<strong>Maria Zachwatowicz<\/strong><br \/><a href=\"\/?page_id=85\">Zak\u0142ad Geoekologii<\/a><br \/>Nr pokoju: 304<br \/>Tel. (22) 5520755<br \/><a href=\"mailto:m.zachwatowicz@uw.edu.pl\">wy\u015blij e-mail<\/a><br \/><a href=\"\/?page_id=1025\">Strona internetowa<\/a><\/p>\r\n\r\n\r\n\r\n<p>dr\u00a0<strong>Urszula Zawadzka-Pawlewska<\/strong><br \/><a href=\"\/?page_id=87\">Zak\u0142ad Geomorfologii<\/a><br \/>Nr pokoju: 208<br \/>Tel.\u00a0 (22) 5520653<br \/><a href=\"mailto:urszula.zawadzka@uw.edu.pl\">wy\u015blij e-mail <\/a><br \/><a href=\"\/?page_id=1140\">Strona internetowa<\/a><\/p>\r\n\r\n\r\n\r\n<p>mgr<strong> Katarzyna Sosnowska<\/strong><br \/><a href=\"\/?page_id=93\">Laboratorium Analiz \u015arodowiskowych<\/a><br \/>Nr pokoju: 034<br \/>Tel. (22) 5520622<br \/><a href=\"mailto:k.zaremba5@uw.edu.pl\">wy\u015blij e-mail<\/a><\/p>\r\n\r\n\r\n\r\n<h2 class=\"wp-block-heading\"><strong>\u017b<\/strong><\/h2>\r\n\r\n\r\n\r\n<p>dr hab.\u00a0<strong>Elwira \u017bmudzka<\/strong>, prof. ucz.<br \/><a href=\"\/?page_id=91\">Zak\u0142ad Klimatologii<\/a><br \/>Nr pokoju: 217<br \/>Tel.\u00a0 (22) 5520640<br \/><a href=\"mailto:elwiraz@uw.edu.pl\">wy\u015blij e-mai<\/a>l<\/p>\r\n","protected":false},"excerpt":{"rendered":"<p>D dr hab.\u00a0Maciej D\u0105bski, prof. ucz.Zak\u0142ad GeomorfologiiNr pokoju: 307Tel.\u00a0 (22) 5521514wy\u015blij e-mailStrona internetowa dr hab.\u00a0Maciej D\u0142u\u017cewski, prof. ucz.Zak\u0142ad GeomorfologiiNr pokoju:\u00a0 208Tel.\u00a0 (22) 5520653wy\u015blij e-mailStrona internetowa F mgr Mich\u0142 FedorczykZak\u0142ad Hydrologiinr pokoju: 125tel. 22 55 20635wy\u015blij e-mail G dr\u00a0Alina Gerl\u00e9eZak\u0142ad GeoekologiiNr pokoju: 213Tel.\u00a0 (22) 5520673wy\u015blij e-mailStrona internetowa dr\u00a0Dorota GiriatZak\u0142ad GeomorfologiiNr pokoju :\u00a0 208Tel.\u00a0 (22) 5520653wy\u015blij e-mailStrona [&hellip;]<\/p>\n","protected":false},"author":2,"featured_media":0,"parent":0,"menu_order":0,"comment_status":"closed","ping_status":"closed","template":"","meta":{"footnotes":""},"class_list":["post-193","page","type-page","status-publish","czr-hentry"],"yoast_head":"<!-- This site is optimized with the Yoast SEO plugin v27.4 - https:\/\/yoast.com\/product\/yoast-seo-wordpress\/ -->\n<title>Pracownicy Katedry Geografii Fizycznej - Katedra Geografii Fizycznej, Wydzia\u0142 Geografii i Studi\u00f3w Regionalnych UW<\/title>\n<meta name=\"robots\" content=\"index, follow, max-snippet:-1, max-image-preview:large, max-video-preview:-1\" \/>\n<link rel=\"canonical\" href=\"https:\/\/kgf.wgsr.uw.edu.pl\/?page_id=193\" \/>\n<meta property=\"og:locale\" content=\"pl_PL\" \/>\n<meta property=\"og:type\" content=\"article\" \/>\n<meta property=\"og:title\" content=\"Pracownicy Katedry Geografii Fizycznej - Katedra Geografii Fizycznej, Wydzia\u0142 Geografii i Studi\u00f3w Regionalnych UW\" \/>\n<meta property=\"og:description\" content=\"D dr hab.\u00a0Maciej D\u0105bski, prof. ucz.Zak\u0142ad GeomorfologiiNr pokoju: 307Tel.\u00a0 (22) 5521514wy\u015blij e-mailStrona internetowa dr hab.\u00a0Maciej D\u0142u\u017cewski, prof. ucz.Zak\u0142ad GeomorfologiiNr pokoju:\u00a0 208Tel.\u00a0 (22) 5520653wy\u015blij e-mailStrona internetowa F mgr Mich\u0142 FedorczykZak\u0142ad Hydrologiinr pokoju: 125tel. 22 55 20635wy\u015blij e-mail G dr\u00a0Alina Gerl\u00e9eZak\u0142ad GeoekologiiNr pokoju: 213Tel.\u00a0 (22) 5520673wy\u015blij e-mailStrona internetowa dr\u00a0Dorota GiriatZak\u0142ad GeomorfologiiNr pokoju :\u00a0 208Tel.\u00a0 (22) 5520653wy\u015blij e-mailStrona [&hellip;]\" \/>\n<meta property=\"og:url\" content=\"https:\/\/kgf.wgsr.uw.edu.pl\/?page_id=193\" \/>\n<meta property=\"og:site_name\" content=\"Katedra Geografii Fizycznej, Wydzia\u0142 Geografii i Studi\u00f3w Regionalnych UW\" \/>\n<meta property=\"article:modified_time\" content=\"2025-09-05T10:26:59+00:00\" \/>\n<meta name=\"twitter:card\" content=\"summary_large_image\" \/>\n<meta name=\"twitter:label1\" content=\"Szacowany czas czytania\" \/>\n\t<meta name=\"twitter:data1\" content=\"3 minuty\" \/>\n<script type=\"application\/ld+json\" class=\"yoast-schema-graph\">{\"@context\":\"https:\\\/\\\/schema.org\",\"@graph\":[{\"@type\":\"WebPage\",\"@id\":\"https:\\\/\\\/kgf.wgsr.uw.edu.pl\\\/?page_id=193\",\"url\":\"https:\\\/\\\/kgf.wgsr.uw.edu.pl\\\/?page_id=193\",\"name\":\"Pracownicy Katedry Geografii Fizycznej - Katedra Geografii Fizycznej, Wydzia\u0142 Geografii i Studi\u00f3w Regionalnych UW\",\"isPartOf\":{\"@id\":\"https:\\\/\\\/kgf.wgsr.uw.edu.pl\\\/#website\"},\"datePublished\":\"2021-03-21T17:05:41+00:00\",\"dateModified\":\"2025-09-05T10:26:59+00:00\",\"breadcrumb\":{\"@id\":\"https:\\\/\\\/kgf.wgsr.uw.edu.pl\\\/?page_id=193#breadcrumb\"},\"inLanguage\":\"pl-PL\",\"potentialAction\":[{\"@type\":\"ReadAction\",\"target\":[\"https:\\\/\\\/kgf.wgsr.uw.edu.pl\\\/?page_id=193\"]}]},{\"@type\":\"BreadcrumbList\",\"@id\":\"https:\\\/\\\/kgf.wgsr.uw.edu.pl\\\/?page_id=193#breadcrumb\",\"itemListElement\":[{\"@type\":\"ListItem\",\"position\":1,\"name\":\"Strona g\u0142\u00f3wna\",\"item\":\"https:\\\/\\\/kgf.wgsr.uw.edu.pl\\\/\"},{\"@type\":\"ListItem\",\"position\":2,\"name\":\"Pracownicy Katedry Geografii Fizycznej\"}]},{\"@type\":\"WebSite\",\"@id\":\"https:\\\/\\\/kgf.wgsr.uw.edu.pl\\\/#website\",\"url\":\"https:\\\/\\\/kgf.wgsr.uw.edu.pl\\\/\",\"name\":\"Katedra Geografii Fizycznej, Wydzia\u0142 Geografii i Studi\u00f3w Regionalnych UW\",\"description\":\"\",\"publisher\":{\"@id\":\"https:\\\/\\\/kgf.wgsr.uw.edu.pl\\\/#organization\"},\"potentialAction\":[{\"@type\":\"SearchAction\",\"target\":{\"@type\":\"EntryPoint\",\"urlTemplate\":\"https:\\\/\\\/kgf.wgsr.uw.edu.pl\\\/?s={search_term_string}\"},\"query-input\":{\"@type\":\"PropertyValueSpecification\",\"valueRequired\":true,\"valueName\":\"search_term_string\"}}],\"inLanguage\":\"pl-PL\"},{\"@type\":\"Organization\",\"@id\":\"https:\\\/\\\/kgf.wgsr.uw.edu.pl\\\/#organization\",\"name\":\"Katedra Geografii Fizycznej, Wydzia\u0142 Geografii i Studi\u00f3w Regionalnych UW\",\"url\":\"https:\\\/\\\/kgf.wgsr.uw.edu.pl\\\/\",\"logo\":{\"@type\":\"ImageObject\",\"inLanguage\":\"pl-PL\",\"@id\":\"https:\\\/\\\/kgf.wgsr.uw.edu.pl\\\/#\\\/schema\\\/logo\\\/image\\\/\",\"url\":\"https:\\\/\\\/kgf.wgsr.uw.edu.pl\\\/wp-content\\\/uploads\\\/2023\\\/08\\\/cropped-Katedra.png\",\"contentUrl\":\"https:\\\/\\\/kgf.wgsr.uw.edu.pl\\\/wp-content\\\/uploads\\\/2023\\\/08\\\/cropped-Katedra.png\",\"width\":1230,\"height\":328,\"caption\":\"Katedra Geografii Fizycznej, Wydzia\u0142 Geografii i Studi\u00f3w Regionalnych UW\"},\"image\":{\"@id\":\"https:\\\/\\\/kgf.wgsr.uw.edu.pl\\\/#\\\/schema\\\/logo\\\/image\\\/\"}}]}<\/script>\n<!-- \/ Yoast SEO plugin. -->","yoast_head_json":{"title":"Pracownicy Katedry Geografii Fizycznej - Katedra Geografii Fizycznej, Wydzia\u0142 Geografii i Studi\u00f3w Regionalnych UW","robots":{"index":"index","follow":"follow","max-snippet":"max-snippet:-1","max-image-preview":"max-image-preview:large","max-video-preview":"max-video-preview:-1"},"canonical":"https:\/\/kgf.wgsr.uw.edu.pl\/?page_id=193","og_locale":"pl_PL","og_type":"article","og_title":"Pracownicy Katedry Geografii Fizycznej - Katedra Geografii Fizycznej, Wydzia\u0142 Geografii i Studi\u00f3w Regionalnych UW","og_description":"D dr hab.\u00a0Maciej D\u0105bski, prof. ucz.Zak\u0142ad GeomorfologiiNr pokoju: 307Tel.\u00a0 (22) 5521514wy\u015blij e-mailStrona internetowa dr hab.\u00a0Maciej D\u0142u\u017cewski, prof. ucz.Zak\u0142ad GeomorfologiiNr pokoju:\u00a0 208Tel.\u00a0 (22) 5520653wy\u015blij e-mailStrona internetowa F mgr Mich\u0142 FedorczykZak\u0142ad Hydrologiinr pokoju: 125tel. 22 55 20635wy\u015blij e-mail G dr\u00a0Alina Gerl\u00e9eZak\u0142ad GeoekologiiNr pokoju: 213Tel.\u00a0 (22) 5520673wy\u015blij e-mailStrona internetowa dr\u00a0Dorota GiriatZak\u0142ad GeomorfologiiNr pokoju :\u00a0 208Tel.\u00a0 (22) 5520653wy\u015blij e-mailStrona [&hellip;]","og_url":"https:\/\/kgf.wgsr.uw.edu.pl\/?page_id=193","og_site_name":"Katedra Geografii Fizycznej, Wydzia\u0142 Geografii i Studi\u00f3w Regionalnych UW","article_modified_time":"2025-09-05T10:26:59+00:00","twitter_card":"summary_large_image","twitter_misc":{"Szacowany czas czytania":"3 minuty"},"schema":{"@context":"https:\/\/schema.org","@graph":[{"@type":"WebPage","@id":"https:\/\/kgf.wgsr.uw.edu.pl\/?page_id=193","url":"https:\/\/kgf.wgsr.uw.edu.pl\/?page_id=193","name":"Pracownicy Katedry Geografii Fizycznej - Katedra Geografii Fizycznej, Wydzia\u0142 Geografii i Studi\u00f3w Regionalnych UW","isPartOf":{"@id":"https:\/\/kgf.wgsr.uw.edu.pl\/#website"},"datePublished":"2021-03-21T17:05:41+00:00","dateModified":"2025-09-05T10:26:59+00:00","breadcrumb":{"@id":"https:\/\/kgf.wgsr.uw.edu.pl\/?page_id=193#breadcrumb"},"inLanguage":"pl-PL","potentialAction":[{"@type":"ReadAction","target":["https:\/\/kgf.wgsr.uw.edu.pl\/?page_id=193"]}]},{"@type":"BreadcrumbList","@id":"https:\/\/kgf.wgsr.uw.edu.pl\/?page_id=193#breadcrumb","itemListElement":[{"@type":"ListItem","position":1,"name":"Strona g\u0142\u00f3wna","item":"https:\/\/kgf.wgsr.uw.edu.pl\/"},{"@type":"ListItem","position":2,"name":"Pracownicy Katedry Geografii Fizycznej"}]},{"@type":"WebSite","@id":"https:\/\/kgf.wgsr.uw.edu.pl\/#website","url":"https:\/\/kgf.wgsr.uw.edu.pl\/","name":"Katedra Geografii Fizycznej, Wydzia\u0142 Geografii i Studi\u00f3w Regionalnych UW","description":"","publisher":{"@id":"https:\/\/kgf.wgsr.uw.edu.pl\/#organization"},"potentialAction":[{"@type":"SearchAction","target":{"@type":"EntryPoint","urlTemplate":"https:\/\/kgf.wgsr.uw.edu.pl\/?s={search_term_string}"},"query-input":{"@type":"PropertyValueSpecification","valueRequired":true,"valueName":"search_term_string"}}],"inLanguage":"pl-PL"},{"@type":"Organization","@id":"https:\/\/kgf.wgsr.uw.edu.pl\/#organization","name":"Katedra Geografii Fizycznej, Wydzia\u0142 Geografii i Studi\u00f3w Regionalnych UW","url":"https:\/\/kgf.wgsr.uw.edu.pl\/","logo":{"@type":"ImageObject","inLanguage":"pl-PL","@id":"https:\/\/kgf.wgsr.uw.edu.pl\/#\/schema\/logo\/image\/","url":"https:\/\/kgf.wgsr.uw.edu.pl\/wp-content\/uploads\/2023\/08\/cropped-Katedra.png","contentUrl":"https:\/\/kgf.wgsr.uw.edu.pl\/wp-content\/uploads\/2023\/08\/cropped-Katedra.png","width":1230,"height":328,"caption":"Katedra Geografii Fizycznej, Wydzia\u0142 Geografii i Studi\u00f3w Regionalnych UW"},"image":{"@id":"https:\/\/kgf.wgsr.uw.edu.pl\/#\/schema\/logo\/image\/"}}]}},"_links":{"self":[{"href":"https:\/\/kgf.wgsr.uw.edu.pl\/index.php?rest_route=\/wp\/v2\/pages\/193","targetHints":{"allow":["GET"]}}],"collection":[{"href":"https:\/\/kgf.wgsr.uw.edu.pl\/index.php?rest_route=\/wp\/v2\/pages"}],"about":[{"href":"https:\/\/kgf.wgsr.uw.edu.pl\/index.php?rest_route=\/wp\/v2\/types\/page"}],"author":[{"embeddable":true,"href":"https:\/\/kgf.wgsr.uw.edu.pl\/index.php?rest_route=\/wp\/v2\/users\/2"}],"replies":[{"embeddable":true,"href":"https:\/\/kgf.wgsr.uw.edu.pl\/index.php?rest_route=%2Fwp%2Fv2%2Fcomments&post=193"}],"version-history":[{"count":7,"href":"https:\/\/kgf.wgsr.uw.edu.pl\/index.php?rest_route=\/wp\/v2\/pages\/193\/revisions"}],"predecessor-version":[{"id":3075,"href":"https:\/\/kgf.wgsr.uw.edu.pl\/index.php?rest_route=\/wp\/v2\/pages\/193\/revisions\/3075"}],"wp:attachment":[{"href":"https:\/\/kgf.wgsr.uw.edu.pl\/index.php?rest_route=%2Fwp%2Fv2%2Fmedia&parent=193"}],"curies":[{"name":"wp","href":"https:\/\/api.w.org\/{rel}","templated":true}]}}